{"id":21,"date":"2018-01-22T19:03:18","date_gmt":"2018-01-22T19:03:18","guid":{"rendered":"http:\/\/www.ghosteyes.fi\/aaveet\/?page_id=21"},"modified":"2026-05-05T17:46:42","modified_gmt":"2026-05-05T17:46:42","slug":"pentueet","status":"publish","type":"page","link":"https:\/\/www.ghosteyes.fi\/aaveet\/pentueet\/","title":{"rendered":"Pentueet"},"content":{"rendered":"<p style=\"text-align: left;\"><strong>Australianpaimenkoirat<\/strong><\/p>\n<ul>\n<li><a href=\"https:\/\/www.ghosteyes.fi\/aaveet\/p\/\">P &#8211; Ghosteye&#8217;s Kuckuniwi x Ghosteye&#8217;s Lovely Cappucino<\/a><\/li>\n<li><a href=\"https:\/\/www.ghosteyes.fi\/aaveet\/o\">O &#8211; Ounou N\u00e4pp\u00e4r\u00e4 Nato-Ohjus x Ghosteye\u2019s Lovely Macchiato<\/a><\/li>\n<li><a href=\"https:\/\/www.ghosteyes.fi\/aaveet\/n\/\">N &#8211; Shepmate\u2019s Fancy Genius x Ghosteye\u2019s Kachina<\/a><\/li>\n<li><a href=\"https:\/\/www.ghosteyes.fi\/aaveet\/m\/\">M &#8211; Muttonbuster\u2019s Wakey Wakey x Ghosteye\u2019s Kachina<\/a><\/li>\n<li><a href=\"https:\/\/www.ghosteyes.fi\/aaveet\/l\/\">L &#8211; Muttonbuster\u2019s Wakey Wakey x Ghosteye\u2019s Just Flying the Skies<\/a><\/li>\n<li><a href=\"https:\/\/www.ghosteyes.fi\/aaveet\/k\/\">K &#8211; Pikipaimenen Tulip\u00e4\u00e4hippi\u00e4inen x Tuulensaaren Ruusa<\/a><\/li>\n<li><a href=\"http:\/\/ghosteyes.fi\/aaveet\/j\">J &#8211; Dancing Skies Buccaneer x Wartti Spurtti Iloilmi\u00f6<\/a><\/li>\n<li style=\"text-align: left;\"><a href=\"http:\/\/www.ghosteyes.fi\/aaveet\/i\/\">I &#8211; Bright Spicy Arise Cash Junior x Ghosteye\u2019s Ghost Ice<\/a><\/li>\n<li style=\"text-align: left;\"><a href=\"http:\/\/www.ghosteyes.fi\/aaveet\/h\/\">H &#8211; Diamond Bluff Meet Joe Black x Ghosteye\u2019s Evermind Flower<\/a><\/li>\n<li style=\"text-align: left;\"><a href=\"http:\/\/www.ghosteyes.fi\/aaveet\/g\/\">G &#8211; S Bar L Naboo x Ghosteye\u2019s Blueberry<\/a><\/li>\n<li style=\"text-align: left;\"><a href=\"http:\/\/www.ghosteyes.fi\/aaveet\/f\/\">F &#8211; Crofter Holding\u2019s Derringer x Ghosteye\u2019s Black Blabber<\/a><\/li>\n<li style=\"text-align: left;\"><a href=\"http:\/\/www.ghosteyes.fi\/aaveet\/e\/\">E &#8211; S Bar L Naboo x Dancing Skies Kenai<\/a><\/li>\n<li style=\"text-align: left;\"><a href=\"http:\/\/www.ghosteyes.fi\/aaveet\/d\/\">D &#8211; Fairoaks Saltfleet Ty x Ghosteye\u2019s Blueberry<\/a><\/li>\n<li style=\"text-align: left;\"><a href=\"http:\/\/www.ghosteyes.fi\/aaveet\/c\/\">C &#8211; Roanoaks Plain Courage x Dancing Skies Kenai<\/a><\/li>\n<li style=\"text-align: left;\"><a href=\"http:\/\/www.ghosteyes.fi\/aaveet\/b\/\">B &#8211; Dancing Skies Sidney x Dancing Skies Kenai<\/a><\/li>\n<li style=\"text-align: left;\"><a href=\"http:\/\/www.ghosteyes.fi\/aaveet\/dancingskies\/\">Dancing Skies -pentue Dancing Skies Sidney x Dancing Skies Kenai<\/a><\/li>\n<\/ul>\n<p><strong>Pieniamerikanpaimenkoirat<\/strong><\/p>\n<ul>\n<li>Purple Rain of Surf Paradise x Dreamette Hipnoza<\/li>\n<\/ul>\n<p style=\"text-align: left;\"><strong>Parsonrussellinterrierit<\/strong><\/p>\n<ul>\n<li><a href=\"https:\/\/www.ghosteyes.fi\/aaveet\/story\/\">Story &#8211; Karvahaalarin If I Had You x Ghosteye\u2019s Too Much Warnings<\/a><\/li>\n<li><a href=\"https:\/\/www.ghosteyes.fi\/aaveet\/my\/\">My &#8211; Rejouir\u2019s Happy Years x Ghosteye\u2019s Tough Athelas<\/a><\/li>\n<li><a href=\"https:\/\/www.ghosteyes.fi\/aaveet\/toomuch\/\">Too Much &#8211; Maitomiehen Humwee x Ghosteye\u2019s Tiny Daisy<\/a><\/li>\n<li><a href=\"http:\/\/www.ghosteyes.fi\/aaveet\/happy\/\">Happy &#8211; Fr\u00f6ken Fr\u00e4kens Gunnar Str\u00e4ngh x Ghosteye\u2019s Tough Athelas<\/a><\/li>\n<li style=\"text-align: left;\"><a href=\"http:\/\/www.ghosteyes.fi\/aaveet\/rough\/\">Rough &#8211; Bordetella\u2019s Loverdose x Ghosteye\u2019s Tiny Daisy<\/a><\/li>\n<li style=\"text-align: left;\"><a href=\"http:\/\/www.ghosteyes.fi\/aaveet\/frozen\/\">Frozen &#8211; Maitomiehen Mr Bean x Ghosteye\u2019s Tiny Daisy<\/a><\/li>\n<li style=\"text-align: left;\"><a href=\"http:\/\/www.ghosteyes.fi\/aaveet\/tough\/\">Tough &#8211; Cleeve Hill Kenzo x Ghosteye\u2019s Wild Artemis<\/a><\/li>\n<li style=\"text-align: left;\"><a href=\"http:\/\/www.ghosteyes.fi\/aaveet\/tiny\/\">Tiny &#8211; Goluboy Angel Grown x Bordetella\u2019s Tiny Toon<\/a><\/li>\n<li style=\"text-align: left;\"><a href=\"http:\/\/www.ghosteyes.fi\/aaveet\/wild\/\">Wild &#8211; Goluboy Angel Grown x Bordetella\u2019s Tiny Toon<\/a><\/li>\n<li style=\"text-align: left;\"><a href=\"http:\/\/www.ghosteyes.fi\/aaveet\/bordetellas\/\">Bordetella&#8217;s -pentue Riiwi\u00f6n Tuuli-Viiri x Bordetella\u2019s Tiny Toon<\/a><\/li>\n<\/ul>\n<p><strong>Beaglet<\/strong><\/p>\n<ul>\n<li><a href=\"https:\/\/www.ghosteyes.fi\/aaveet\/2023-2\/\">13.09.2023 Tervapekan Julius x Ghosteye\u2019s Miss Marlin<\/a><\/li>\n<li><a href=\"https:\/\/www.ghosteyes.fi\/aaveet\/2021B\">27.08.2021 Urkkalammen Toivon-Poika x Ghosteye\u2019s Sally Brown<\/a><\/li>\n<li><a href=\"https:\/\/www.ghosteyes.fi\/aaveet\/2021A\">07.03.2021 Ajo x Papinniemen Prinsessa<\/a><\/li>\n<li><a href=\"https:\/\/www.ghosteyes.fi\/aaveet\/2018-2\/\">18.09.2018 Taivaltajan Bravo x Papinniemen Prinsessa<\/a><\/li>\n<\/ul>\n\n\n<p><\/p>\n","protected":false},"excerpt":{"rendered":"<p>Australianpaimenkoirat P &#8211; Ghosteye&#8217;s Kuckuniwi x Ghosteye&#8217;s Lovely Cappucino O &#8211; Ounou N\u00e4pp\u00e4r\u00e4 Nato-Ohjus x Ghosteye\u2019s Lovely Macchiato N &#8211; Shepmate\u2019s Fancy Genius x Ghosteye\u2019s Kachina M &#8211; Muttonbuster\u2019s Wakey Wakey x Ghosteye\u2019s Kachina L &#8211; Muttonbuster\u2019s Wakey Wakey x Ghosteye\u2019s Just Flying the Skies K &#8211; Pikipaimenen Tulip\u00e4\u00e4hippi\u00e4inen x Tuulensaaren Ruusa J &#8211; Dancing&#8230;<\/p>\n","protected":false},"author":1,"featured_media":0,"parent":0,"menu_order":0,"comment_status":"closed","ping_status":"closed","template":"","meta":{"sfsi_plus_gutenberg_text_before_share":"","sfsi_plus_gutenberg_show_text_before_share":"","sfsi_plus_gutenberg_icon_type":"","sfsi_plus_gutenberg_icon_alignemt":"","sfsi_plus_gutenburg_max_per_row":"","footnotes":""},"class_list":["post-21","page","type-page","status-publish","hentry"],"aioseo_notices":[],"_links":{"self":[{"href":"https:\/\/www.ghosteyes.fi\/aaveet\/wp-json\/wp\/v2\/pages\/21","targetHints":{"allow":["GET"]}}],"collection":[{"href":"https:\/\/www.ghosteyes.fi\/aaveet\/wp-json\/wp\/v2\/pages"}],"about":[{"href":"https:\/\/www.ghosteyes.fi\/aaveet\/wp-json\/wp\/v2\/types\/page"}],"author":[{"embeddable":true,"href":"https:\/\/www.ghosteyes.fi\/aaveet\/wp-json\/wp\/v2\/users\/1"}],"replies":[{"embeddable":true,"href":"https:\/\/www.ghosteyes.fi\/aaveet\/wp-json\/wp\/v2\/comments?post=21"}],"version-history":[{"count":33,"href":"https:\/\/www.ghosteyes.fi\/aaveet\/wp-json\/wp\/v2\/pages\/21\/revisions"}],"predecessor-version":[{"id":2462,"href":"https:\/\/www.ghosteyes.fi\/aaveet\/wp-json\/wp\/v2\/pages\/21\/revisions\/2462"}],"wp:attachment":[{"href":"https:\/\/www.ghosteyes.fi\/aaveet\/wp-json\/wp\/v2\/media?parent=21"}],"curies":[{"name":"wp","href":"https:\/\/api.w.org\/{rel}","templated":true}]}}